 prime number?
False
Is 8346953 composite?
True
Is 5259259 a prime number?
False
Is 18934699 composite?
True
Is 25220077 a prime number?
True
Is 993511 composite?
True
Is 207594763 a prime number?
True
Is 4570201 a prime number?
True
Is 15876755 composite?
True
Is 2076079 a composite number?
True
Is 1331023 a composite number?
False
Is 9077101 a composite number?
True
Is 75431 a prime number?
True
Is 942451 prime?
False
Is 114717199 composite?
True
Is 66147661 a prime number?
True
Is 92731 a composite number?
True
Is 72057433 composite?
True
Is 5516453 composite?
False
Is 7964779 a prime number?
True
Is 33975197 a prime number?
False
Is 41988689 a composite number?
True
Is 1070081 a prime number?
True
Is 54537949 a composite number?
True
Is 832187 composite?
True
Is 42388573 a prime number?
True
Is 126898933 prime?
False
Is 44045713 composite?
True
Is 1272691 a prime number?
False
Is 19399379 prime?
True
Is 23206829 composite?
True
Is 57270277 composite?
True
Is 205832597 a prime number?
False
Is 53073883 prime?
False
Is 9251699 a prime number?
True
Is 70109815 composite?
True
Is 7479191 a composite number?
False
Is 180838103 a prime number?
False
Is 246353 prime?
False
Is 737899993 a composite number?
False
Is 19807441 a prime number?
True
Is 459939967 a prime number?
True
Is 24328973 a composite number?
True
Is 829109 composite?
True
Is 10303069 a composite number?
True
Is 63319573 prime?
True
Is 1870541 prime?
True
Is 1669141 a prime number?
True
Is 5836291 composite?
False
Is 31491101 a prime number?
True
Is 3951095 composite?
True
Is 448361 a composite number?
True
Is 24043651 a prime number?
True
Is 137352821 a composite number?
True
Is 5860271 composite?
True
Is 19461199 composite?
True
Is 91079 a composite number?
False
Is 46022081 composite?
True
Is 3644713 prime?
False
Is 10204771 prime?
True
Is 56544395 a prime number?
False
Is 60231511 a composite number?
False
Is 18488543 prime?
True
Is 88254949 composite?
True
Is 3148957 a composite number?
True
Is 16807801 composite?
False
Is 10501357 composite?
True
Is 820319 a prime number?
True
Is 56443801 prime?
False
Is 58560871 composite?
True
Is 28376389 prime?
True
Is 78685877 a composite number?
True
Is 32330579 composite?
True
Is 5308873 composite?
False
Is 35113889 prime?
True
Is 157158919 a prime number?
False
Is 17930599 prime?
True
Is 146697445 a prime number?
False
Is 2842871 a prime number?
True
Is 29513191 composite?
False
Is 34487315 a prime number?
False
Is 20019889 a prime number?
False
Is 521940905 prime?
False
Is 119724877 a composite number?
True
Is 3035009 composite?
False
Is 15545987 a prime number?
True
Is 35470943 a composite number?
False
Is 81215257 a composite number?
True
Is 1953221 a composite number?
True
Is 296573 composite?
True
Is 148887859 prime?
False
Is 1956133 a composite number?
True
Is 9934121 prime?
True
Is 2054503 composite?
True
Is 1939561 a prime number?
False
Is 55889957 a composite number?
False
Is 680999 prime?
False
Is 28699771 prime?
True
Is 920503 composite?
True
Is 270232429 a prime number?
True
Is 89046079 prime?
False
Is 107873827 composite?
False
Is 55342351 a composite number?
True
Is 435481 a composite number?
False
Is 1334489 prime?
False
Is 78522641 a prime number?
True
Is 8760901 prime?
True
Is 769781 composite?
False
Is 408743 prime?
True
Is 1917193 a composite number?
True
Is 2869721 prime?
True
Is 178441591 composite?
True
Is 167040781 prime?
False
Is 9673373 prime?
False
Is 4293691 a composite number?
True
Is 33798101 a composite number?
False
Is 12468899 a composite number?
False
Is 520361411 a prime number?
False
Is 8438509 a prime number?
False
Is 29188697 a prime number?
False
Is 523443 a prime number?
False
Is 52140245 composite?
True
Is 14316319 composite?
False
Is 130832237 a prime number?
True
Is 1616891 a prime number?
True
Is 147017929 composite?
False
Is 880211479 a composite number?
True
Is 93400847 prime?
True
Is 8602673 composite?
False
Is 906691 a prime number?
True
Is 1940041 a composite number?
False
Is 6409187 composite?
True
Is 3770327 composite?
True
Is 489996251 a composite number?
False
Is 345493 prime?
False
Is 37643371 composite?
True
Is 2533331 composite?
False
Is 59754103 a prime number?
False
Is 866543 a composite number?
True
Is 5077057 a prime number?
True
Is 57614693 a prime number?
False
Is 110363659 a composite number?
True
Is 15241 a composite number?
False
Is 37599103 a composite number?
False
Is 48558935 prime?
False
Is 12579839 a prime number?
False
Is 6671041 prime?
False
Is 68523029 composite?
False
Is 84710567 composite?
True
Is 3964709 a composite number?
True
Is 111870169 a prime number?
False
Is 6588861 composite?
True
Is 184475877 a composite number?
True
Is 1963309 a composite number?
False
Is 5032771 composite?
False
Is 71859623 prime?
False
Is 81396229 a composite number?
False
Is 822347827 prime?
False
Is 53688461 a prime number?
True
Is 3399041 a prime number?
True
Is 3160769 a composite number?
False
Is 4845353 composite?
False
Is 590399 a prime number?
True
Is 16269886 composite?
True
Is 4296391 a prime number?
False
Is 8418538 prime?
False
Is 41523989 a prime number?
False
Is 14035403 a prime number?
True
Is 5268911 composite?
True
Is 1724183 a prime number?
True
Is 20005949 prime?
True
Is 7094537 composite?
True
Is 6884939 a composite number?
False
Is 3201283 composite?
True
Is 2167271 a prime number?
False
Is 1067393 composite?
True
Is 1668613 a prime number?
False
Is 1206859 prime?
False
Is 102054439 a prime number?
True
Is 258101 composite?
False
Is 998273 a composite number?
False
Is 4004939 a prime number?
True
Is 214939 prime?
True
Is 3951209 a composite number?
False
Is 2974933 composite?
True
Is 7146311 a prime number?
True
Is 9542683 a prime number?
True
Is 307575157 composite?
False
Is 660070505 prime?
False
Is 1724539 a prime number?
False
Is 365927467 a prime number?
True
Is 17086499 a prime number?
True
Is 249888767 a prime number?
False
Is 12838697 a prime number?
False
Is 1171301 composite?
False
Is 1773907 a composite number?
False
Is 829439977 a prime number?
False
Is 38989679 a prime number?
False
Is 11952803 prime?
False
Is 47548673 a composite number?
True
Is 122329 a prime number?
False
Is 427681 a composite number?
False
Is 776920777 a composite number?
False
Is 2159981 prime?
False
Is 47398201 a prime number?
True
Is 1991573 prime?
True
Is 21641123 prime?
False
Is 1956839 prime?
True
Is 7514573 a composite number?
True
Is 1081174 a prime number?
False
Is 10615751 a composite number?
False
Is 8057761 a composite number?
False
Is 43120753 a composite number?
True
Is 29136043 composite?
False
Is 267288929 a prime number?
False
Is 94045151 a prime number?
False
Is 23353963 prime?
True
Is 9742787 composite?
True
Is 2346599 a prime number?
False
Is 11355107 a composite number?
False
Is 241193983 prime?
False
Is 2147861 prime?
True
Is 98633 a composite number?
True
Is 7449461 prime?
True
Is 12467281 a composite number?
True
Is 8536379 a composite number?
False
Is 121977127 a prime number?
True
Is 4562977 a composite number?
True
Is 663127 a composite number?
False
Is 70340287 a composite number?
False
Is 28769333 composite?
True
Is 56070673 composite?
True
Is 15104477 prime?
True
Is 7539437 a composite number?
True
Is 890636723 a prime number?
False
Is 197629 a composite number?
True
Is 9476627 a composite number?
False
Is 413177687 composite?
True
Is 1113421 composite?
False
Is 32664169 composite?
True
Is 7417169 a prime number?
True
Is 7126069 prime?
True
Is 4649327 composite?
True
Is 8726473 composite?
True
Is 932124685 a composite number?
True
Is 151159837 prime?
False
Is 88157957 composite?
True
Is 5273617 prime?
True
Is 56350877 composite?
True
Is 70648967 prime?
True
Is 1778531 a prime number?
True
Is 78711134 a composite number?
True
Is 82787101 composite?
False
Is 614947111 composite?
False
Is 22961 prime?
True
Is 4621921 a prime number?
False
Is 186268982 a prime number?
False
Is 1206004853 composite?
False
Is 293977 a composite number?
True
Is 14412635 prime?
False
Is 86602773 prime?
False
Is 129341 prime?
True
Is 250433 a prime number?
True
Is 1580149 a composite number?
True
Is 7949387 prime?
False
Is 18948949 composite?
False
Is 104061 a composit